Last updated on 2025-10-17 04:48:59 CEST.
Flavor | Version | Tinstall | Tcheck | Ttotal | Status | Flags |
---|---|---|---|---|---|---|
r-devel-linux-x86_64-debian-clang | 0.1.7 | 5.32 | 54.32 | 59.64 | NOTE | |
r-devel-linux-x86_64-debian-gcc | 0.1.7 | 3.80 | 42.52 | 46.32 | NOTE | |
r-devel-linux-x86_64-fedora-clang | 0.1.7 | 92.11 | OK | |||
r-devel-linux-x86_64-fedora-gcc | 0.1.7 | 85.83 | OK | |||
r-devel-windows-x86_64 | 0.1.7 | 7.00 | 71.00 | 78.00 | OK | |
r-patched-linux-x86_64 | 0.1.7 | 6.28 | 50.64 | 56.92 | OK | |
r-release-linux-x86_64 | 0.1.7 | 5.33 | 51.48 | 56.81 | OK | |
r-release-macos-arm64 | 0.1.7 | 30.00 | OK | |||
r-release-macos-x86_64 | 0.1.7 | 41.00 | OK | |||
r-release-windows-x86_64 | 0.1.7 | 10.00 | 71.00 | 81.00 | OK | |
r-oldrel-macos-arm64 | 0.1.7 | 28.00 | OK | |||
r-oldrel-macos-x86_64 | 0.1.7 | 41.00 | OK | |||
r-oldrel-windows-x86_64 | 0.1.7 | 11.00 | 83.00 | 94.00 | OK |
Version: 0.1.7
Check: CRAN incoming feasibility
Result: NOTE
Maintainer: ‘Jongmin Lee <jongminlee9218@gmail.com>’
The Description field contains
H.-S. (2020) <arXiv:2003.02578>.
Please refer to arXiv e-prints via their arXiv DOI <doi:10.48550/arXiv.YYMM.NNNNN>.
Flavors: r-devel-linux-x86_64-debian-clang, r-devel-linux-x86_64-debian-gcc