Last updated on 2025-07-16 23:49:29 CEST.
Flavor | Version | Tinstall | Tcheck | Ttotal | Status | Flags |
---|---|---|---|---|---|---|
r-devel-linux-x86_64-debian-clang | 0.8.21 | 9.35 | 94.52 | 103.87 | NOTE | |
r-devel-linux-x86_64-debian-gcc | 0.8.21 | 6.60 | 66.48 | 73.08 | NOTE | |
r-devel-linux-x86_64-fedora-clang | 0.8.21 | 163.09 | NOTE | |||
r-devel-linux-x86_64-fedora-gcc | 0.8.21 | 170.77 | NOTE | |||
r-devel-windows-x86_64 | 0.8.21 | 11.00 | 97.00 | 108.00 | NOTE | |
r-patched-linux-x86_64 | 0.8.21 | 9.55 | 90.54 | 100.09 | NOTE | |
r-release-linux-x86_64 | 0.8.21 | 8.84 | 88.55 | 97.39 | NOTE | |
r-release-macos-arm64 | 0.8.21 | 51.00 | NOTE | |||
r-release-macos-x86_64 | 0.8.21 | 97.00 | NOTE | |||
r-release-windows-x86_64 | 0.8.21 | 11.00 | 95.00 | 106.00 | NOTE | |
r-oldrel-macos-arm64 | 0.8.21 | 45.00 | NOTE | |||
r-oldrel-macos-x86_64 | 0.8.21 | 69.00 | NOTE | |||
r-oldrel-windows-x86_64 | 0.8.21 | 15.00 | 119.00 | 134.00 | NOTE |
Version: 0.8.21
Check: Rd files
Result: NOTE
checkRd: (-1) load_sorvi_data.Rd:23: Lost braces in \itemize; meant \describe ?
Flavors: r-devel-linux-x86_64-debian-clang, r-devel-linux-x86_64-debian-gcc, r-devel-linux-x86_64-fedora-clang, r-devel-linux-x86_64-fedora-gcc, r-devel-windows-x86_64, r-patched-linux-x86_64, r-release-linux-x86_64, r-release-macos-arm64, r-release-macos-x86_64, r-release-windows-x86_64, r-oldrel-macos-arm64, r-oldrel-macos-x86_64, r-oldrel-windows-x86_64