Last updated on 2025-07-16 11:50:52 CEST.
Flavor | Version | Tinstall | Tcheck | Ttotal | Status | Flags |
---|---|---|---|---|---|---|
r-devel-linux-x86_64-debian-clang | 1.2.0 | 65.38 | 35.36 | 100.74 | OK | |
r-devel-linux-x86_64-debian-gcc | 1.2.0 | 53.01 | 28.36 | 81.37 | OK | |
r-devel-linux-x86_64-fedora-clang | 1.2.0 | 152.57 | OK | |||
r-devel-linux-x86_64-fedora-gcc | 1.2.0 | 188.26 | OK | |||
r-devel-windows-x86_64 | 1.2.0 | 68.00 | 90.00 | 158.00 | OK | |
r-patched-linux-x86_64 | 1.2.0 | 68.76 | 34.40 | 103.16 | OK | |
r-release-linux-x86_64 | 1.2.0 | 65.53 | 33.68 | 99.21 | OK | |
r-release-macos-arm64 | 1.2.0 | 76.00 | OK | |||
r-release-macos-x86_64 | 1.2.0 | 175.00 | OK | |||
r-release-windows-x86_64 | 1.2.0 | 71.00 | 90.00 | 161.00 | OK | |
r-oldrel-macos-arm64 | 1.2.0 | 72.00 | NOTE | |||
r-oldrel-macos-x86_64 | 1.2.0 | 198.00 | NOTE | |||
r-oldrel-windows-x86_64 | 1.2.0 | 85.00 | 96.00 | 181.00 | OK |
Version: 1.2.0
Check: installed package size
Result: NOTE
installed size is 8.0Mb
sub-directories of 1Mb or more:
libs 7.5Mb
Flavors: r-oldrel-macos-arm64, r-oldrel-macos-x86_64