CRAN Package Check Results for Package smartsizer

Last updated on 2025-07-14 10:49:46 CEST.

Flavor Version Tinstall Tcheck Ttotal Status Flags
r-devel-linux-x86_64-debian-clang 1.0.3 1.73 127.67 129.40 OK
r-devel-linux-x86_64-debian-gcc 1.0.3 1.42 78.43 79.85 OK
r-devel-linux-x86_64-fedora-clang 1.0.3 219.62 OK
r-devel-linux-x86_64-fedora-gcc 1.0.3 225.70 OK
r-devel-windows-x86_64 1.0.3 3.00 118.00 121.00 OK
r-patched-linux-x86_64 1.0.3 1.96 116.52 118.48 OK
r-release-linux-x86_64 1.0.3 1.75 114.01 115.76 OK
r-release-macos-arm64 1.0.3 60.00 OK
r-release-macos-x86_64 1.0.3 134.00 OK
r-release-windows-x86_64 1.0.3 3.00 121.00 124.00 OK
r-oldrel-macos-arm64 1.0.3 55.00 NOTE
r-oldrel-macos-x86_64 1.0.3 88.00 NOTE
r-oldrel-windows-x86_64 1.0.3 3.00 142.00 145.00 NOTE

Check Details

Version: 1.0.3
Check: LazyData
Result: NOTE 'LazyData' is specified without a 'data' directory Flavors: r-oldrel-macos-arm64, r-oldrel-macos-x86_64, r-oldrel-windows-x86_64