Last updated on 2025-07-16 11:50:52 CEST.
Flavor | Version | Tinstall | Tcheck | Ttotal | Status | Flags |
---|---|---|---|---|---|---|
r-devel-linux-x86_64-debian-clang | 0.1 | 2.28 | 26.77 | 29.05 | NOTE | |
r-devel-linux-x86_64-debian-gcc | 0.1 | 1.89 | 22.03 | 23.92 | NOTE | |
r-devel-linux-x86_64-fedora-clang | 0.1 | 44.73 | OK | |||
r-devel-linux-x86_64-fedora-gcc | 0.1 | 56.22 | OK | |||
r-devel-windows-x86_64 | 0.1 | 3.00 | 62.00 | 65.00 | OK | |
r-patched-linux-x86_64 | 0.1 | 2.42 | 26.06 | 28.48 | OK | |
r-release-linux-x86_64 | 0.1 | 2.34 | 25.46 | 27.80 | OK | |
r-release-macos-arm64 | 0.1 | 35.00 | OK | |||
r-release-macos-x86_64 | 0.1 | 45.00 | OK | |||
r-release-windows-x86_64 | 0.1 | 3.00 | 70.00 | 73.00 | OK | |
r-oldrel-macos-arm64 | 0.1 | 24.00 | OK | |||
r-oldrel-macos-x86_64 | 0.1 | 52.00 | OK | |||
r-oldrel-windows-x86_64 | 0.1 | 5.00 | 71.00 | 76.00 | OK |
Version: 0.1
Check: CRAN incoming feasibility
Result: NOTE
Maintainer: ‘Abhishek Nandy <nandy006@umn.edu>’
No Authors@R field in DESCRIPTION.
Please add one, modifying
Authors@R: person(given = "Abhishek",
family = "Nandy",
role = c("aut", "cre"),
email = "nandy006@umn.edu")
as necessary.
Flavors: r-devel-linux-x86_64-debian-clang, r-devel-linux-x86_64-debian-gcc