CRAN Package Check Results for Package shinyobjects

Last updated on 2025-07-01 11:49:30 CEST.

Flavor Version Tinstall Tcheck Ttotal Status Flags
r-devel-linux-x86_64-debian-clang 0.2.0 7.01 63.59 70.60 OK
r-devel-linux-x86_64-debian-gcc 0.2.0 4.71 45.86 50.57 OK
r-devel-linux-x86_64-fedora-clang 0.2.0 105.87 NOTE
r-devel-linux-x86_64-fedora-gcc 0.2.0 113.99 NOTE
r-devel-windows-x86_64 0.2.0 9.00 83.00 92.00 OK
r-patched-linux-x86_64 OK
r-release-linux-x86_64 0.2.0 5.82 56.79 62.61 OK
r-release-macos-arm64 0.2.0 46.00 OK
r-release-macos-x86_64 0.2.0 69.00 OK
r-release-windows-x86_64 0.2.0 12.00 82.00 94.00 OK
r-oldrel-macos-arm64 0.2.0 39.00 NOTE
r-oldrel-macos-x86_64 0.2.0 58.00 NOTE
r-oldrel-windows-x86_64 0.2.0 13.00 99.00 112.00 NOTE

Check Details

Version: 0.2.0
Check: dependencies in R code
Result: NOTE Namespace in Imports field not imported from: ‘purrr’ All declared Imports should be used. Flavors: r-devel-linux-x86_64-fedora-clang, r-devel-linux-x86_64-fedora-gcc

Version: 0.2.0
Check: LazyData
Result: NOTE 'LazyData' is specified without a 'data' directory Flavors: r-oldrel-macos-arm64, r-oldrel-macos-x86_64, r-oldrel-windows-x86_64