Last updated on 2025-07-16 05:49:36 CEST.
Flavor | Version | Tinstall | Tcheck | Ttotal | Status | Flags |
---|---|---|---|---|---|---|
r-devel-linux-x86_64-debian-clang | 2.3.3 | 11.31 | 109.62 | 120.93 | OK | |
r-devel-linux-x86_64-debian-gcc | 2.3.3 | 8.69 | 75.18 | 83.87 | OK | |
r-devel-linux-x86_64-fedora-clang | 2.3.3 | 192.92 | OK | |||
r-devel-linux-x86_64-fedora-gcc | 2.3.3 | 194.05 | OK | |||
r-devel-windows-x86_64 | 2.3.3 | 13.00 | 118.00 | 131.00 | OK | |
r-patched-linux-x86_64 | 2.3.3 | 12.62 | 98.17 | 110.79 | OK | |
r-release-linux-x86_64 | 2.3.3 | 10.54 | 99.59 | 110.13 | OK | |
r-release-macos-arm64 | 2.3.3 | 56.00 | OK | |||
r-release-macos-x86_64 | 2.3.3 | 93.00 | OK | |||
r-release-windows-x86_64 | 2.3.3 | 14.00 | 126.00 | 140.00 | OK | |
r-oldrel-macos-arm64 | 2.3.3 | 58.00 | NOTE | |||
r-oldrel-macos-x86_64 | 2.3.3 | 106.00 | NOTE | |||
r-oldrel-windows-x86_64 | 2.3.3 | 17.00 | 150.00 | 167.00 | NOTE |
Version: 2.3.3
Check: package dependencies
Result: NOTE
Package suggested but not available for checking: ‘hydromad’
Flavors: r-oldrel-macos-arm64, r-oldrel-macos-x86_64, r-oldrel-windows-x86_64