Last updated on 2025-07-16 11:50:51 CEST.
Flavor | Version | Tinstall | Tcheck | Ttotal | Status | Flags |
---|---|---|---|---|---|---|
r-devel-linux-x86_64-debian-clang | 2.9.0 | 9.04 | 72.57 | 81.61 | NOTE | |
r-devel-linux-x86_64-debian-gcc | 2.9.0 | 5.65 | 49.82 | 55.47 | NOTE | |
r-devel-linux-x86_64-fedora-clang | 2.9.0 | 120.28 | OK | |||
r-devel-linux-x86_64-fedora-gcc | 2.9.0 | 107.78 | OK | |||
r-devel-windows-x86_64 | 2.9.0 | 12.00 | 93.00 | 105.00 | OK | |
r-patched-linux-x86_64 | 2.9.0 | 8.77 | 63.27 | 72.04 | OK | |
r-release-linux-x86_64 | 2.9.0 | 8.38 | 62.60 | 70.98 | OK | |
r-release-macos-arm64 | 2.9.0 | 38.00 | OK | |||
r-release-macos-x86_64 | 2.9.0 | 63.00 | OK | |||
r-release-windows-x86_64 | 2.9.0 | 10.00 | 99.00 | 109.00 | OK | |
r-oldrel-macos-arm64 | 2.9.0 | 35.00 | OK | |||
r-oldrel-macos-x86_64 | 2.9.0 | 52.00 | OK | |||
r-oldrel-windows-x86_64 | 2.9.0 | 13.00 | 110.00 | 123.00 | OK |
Version: 2.9.0
Check: CRAN incoming feasibility
Result: NOTE
Maintainer: ‘Tyler Rinker <tyler.rinker@gmail.com>’
Package CITATION file contains call(s) to old-style citEntry(). Please
use bibentry() instead.
Flavors: r-devel-linux-x86_64-debian-clang, r-devel-linux-x86_64-debian-gcc