Last updated on 2025-07-22 16:49:46 CEST.
Flavor | Version | Tinstall | Tcheck | Ttotal | Status | Flags |
---|---|---|---|---|---|---|
r-devel-linux-x86_64-debian-clang | 0.2.3 | 395.66 | 37.36 | 433.02 | NOTE | |
r-devel-linux-x86_64-debian-gcc | 0.2.3 | 328.59 | 30.15 | 358.74 | NOTE | |
r-devel-linux-x86_64-fedora-clang | 0.2.3 | 919.54 | NOTE | |||
r-devel-linux-x86_64-fedora-gcc | 0.2.3 | 788.73 | NOTE | |||
r-devel-windows-x86_64 | 0.2.3 | 570.00 | 87.00 | 657.00 | NOTE | |
r-patched-linux-x86_64 | 0.2.3 | 476.14 | 35.50 | 511.64 | NOTE | |
r-release-linux-x86_64 | 0.2.3 | 476.97 | 34.83 | 511.80 | NOTE | |
r-release-macos-arm64 | 0.2.3 | 180.00 | NOTE | |||
r-release-macos-x86_64 | 0.2.3 | 151.00 | NOTE | |||
r-release-windows-x86_64 | 0.2.3 | 580.00 | 92.00 | 672.00 | NOTE | |
r-oldrel-macos-arm64 | 0.2.3 | 185.00 | NOTE | |||
r-oldrel-macos-x86_64 | 0.2.3 | 143.00 | NOTE | |||
r-oldrel-windows-x86_64 | 0.2.3 | 600.00 | 105.00 | 705.00 | NOTE |
Version: 0.2.3
Check: C++ specification
Result: NOTE
Specified C++11: please drop specification unless essential
Flavors: r-devel-linux-x86_64-debian-clang, r-devel-linux-x86_64-debian-gcc, r-devel-linux-x86_64-fedora-clang, r-devel-linux-x86_64-fedora-gcc, r-devel-windows-x86_64, r-patched-linux-x86_64, r-release-linux-x86_64, r-release-macos-arm64, r-release-macos-x86_64, r-release-windows-x86_64, r-oldrel-macos-arm64, r-oldrel-macos-x86_64, r-oldrel-windows-x86_64
Version: 0.2.3
Check: installed package size
Result: NOTE
installed size is 21.5Mb
sub-directories of 1Mb or more:
libs 19.7Mb
models 1.6Mb
Flavors: r-oldrel-macos-arm64, r-oldrel-macos-x86_64, r-oldrel-windows-x86_64