Last updated on 2025-07-28 19:50:50 CEST.
Flavor | Version | Tinstall | Tcheck | Ttotal | Status | Flags |
---|---|---|---|---|---|---|
r-devel-linux-x86_64-debian-clang | 1.10.0 | 5.49 | 83.94 | 89.43 | NOTE | |
r-devel-linux-x86_64-debian-gcc | 1.10.0 | 3.94 | 59.37 | 63.31 | NOTE | |
r-devel-linux-x86_64-fedora-clang | 1.10.0 | 145.22 | NOTE | |||
r-devel-linux-x86_64-fedora-gcc | 1.10.0 | 146.51 | NOTE | |||
r-devel-windows-x86_64 | 1.10.0 | 11.00 | 162.00 | 173.00 | NOTE | |
r-patched-linux-x86_64 | 1.10.0 | 5.68 | 76.44 | 82.12 | NOTE | |
r-release-linux-x86_64 | 1.10.0 | 5.27 | 75.90 | 81.17 | NOTE | |
r-release-macos-arm64 | 1.10.0 | 51.00 | NOTE | |||
r-release-macos-x86_64 | 1.10.0 | 81.00 | NOTE | |||
r-release-windows-x86_64 | 1.10.0 | 10.00 | 137.00 | 147.00 | NOTE | |
r-oldrel-macos-arm64 | 1.10.0 | 43.00 | OK | |||
r-oldrel-macos-x86_64 | 1.10.0 | 122.00 | OK | |||
r-oldrel-windows-x86_64 | 1.10.0 | 8.00 | 150.00 | 158.00 | OK |
Version: 1.10.0
Check: DESCRIPTION meta-information
Result: NOTE
Missing dependency on R >= 4.1.0 because package code uses the pipe
|> or function shorthand \(...) syntax added in R 4.1.0.
File(s) using such syntax:
‘series.R’
Flavors: r-devel-linux-x86_64-debian-clang, r-devel-linux-x86_64-debian-gcc, r-devel-linux-x86_64-fedora-clang, r-devel-linux-x86_64-fedora-gcc, r-devel-windows-x86_64, r-patched-linux-x86_64, r-release-linux-x86_64, r-release-macos-arm64, r-release-macos-x86_64, r-release-windows-x86_64