CRAN Package Check Results for Package scoring

Last updated on 2025-07-16 05:49:35 CEST.

Flavor Version Tinstall Tcheck Ttotal Status Flags
r-devel-linux-x86_64-debian-clang 0.6 2.97 31.90 34.87 NOTE
r-devel-linux-x86_64-debian-gcc 0.6 2.12 24.40 26.52 NOTE
r-devel-linux-x86_64-fedora-clang 0.6 56.10 OK
r-devel-linux-x86_64-fedora-gcc 0.6 51.41 OK
r-devel-windows-x86_64 0.6 3.00 57.00 60.00 OK
r-patched-linux-x86_64 0.6 3.06 30.17 33.23 OK
r-release-linux-x86_64 0.6 2.80 30.73 33.53 OK
r-release-macos-arm64 0.6 28.00 OK
r-release-macos-x86_64 0.6 43.00 OK
r-release-windows-x86_64 0.6 4.00 63.00 67.00 OK
r-oldrel-macos-arm64 0.6 19.00 OK
r-oldrel-macos-x86_64 0.6 39.00 OK
r-oldrel-windows-x86_64 0.6 6.00 63.00 69.00 OK

Check Details

Version: 0.6
Check: CRAN incoming feasibility
Result: NOTE Maintainer: ‘Ed Merkle <merklee@missouri.edu>’ No Authors@R field in DESCRIPTION. Please add one, modifying Authors@R: person(given = "Ed", family = "Merkle", role = c("aut", "cre"), email = "merklee@missouri.edu") as necessary. Package CITATION file contains call(s) to old-style personList() or as.personList(). Please use c() on person objects instead. Package CITATION file contains call(s) to old-style citEntry(). Please use bibentry() instead. Flavors: r-devel-linux-x86_64-debian-clang, r-devel-linux-x86_64-debian-gcc