Last updated on 2025-07-15 17:50:21 CEST.
Flavor | Version | Tinstall | Tcheck | Ttotal | Status | Flags |
---|---|---|---|---|---|---|
r-devel-linux-x86_64-debian-clang | 3.3 | 23.65 | 136.14 | 159.79 | NOTE | |
r-devel-linux-x86_64-debian-gcc | 3.3 | 14.31 | 86.23 | 100.54 | NOTE | |
r-devel-linux-x86_64-fedora-clang | 3.3 | 263.41 | OK | |||
r-devel-linux-x86_64-fedora-gcc | 3.3 | 248.84 | OK | |||
r-devel-windows-x86_64 | 3.3 | 22.00 | 146.00 | 168.00 | NOTE | |
r-patched-linux-x86_64 | 3.3 | 26.24 | 125.27 | 151.51 | NOTE | |
r-release-linux-x86_64 | 3.3 | 21.84 | 123.48 | 145.32 | NOTE | |
r-release-macos-arm64 | 3.3 | 58.00 | OK | |||
r-release-macos-x86_64 | 3.3 | 120.00 | OK | |||
r-release-windows-x86_64 | 3.3 | 29.00 | 160.00 | 189.00 | NOTE | |
r-oldrel-macos-arm64 | 3.3 | 63.00 | OK | |||
r-oldrel-macos-x86_64 | 3.3 | 135.00 | OK | |||
r-oldrel-windows-x86_64 | 3.3 | 33.00 | 181.00 | 214.00 | OK |
Version: 3.3
Check: Rd cross-references
Result: NOTE
Found the following Rd file(s) with Rd \link{} targets missing package
anchors:
npdeSaemix.Rd: npde, NpdeObject, npde.graphs, gof.test,
npde.plot.select, autonpde, npde.plot.scatterplot, npde.plot.dist
xbinning.Rd: npde, autonpde
Please provide package anchors for all Rd \link{} targets not in the
package itself and the base packages.
Flavors: r-devel-linux-x86_64-debian-clang, r-devel-linux-x86_64-debian-gcc, r-devel-windows-x86_64, r-patched-linux-x86_64, r-release-linux-x86_64, r-release-windows-x86_64