Last updated on 2025-07-22 16:49:45 CEST.
Flavor | Version | Tinstall | Tcheck | Ttotal | Status | Flags |
---|---|---|---|---|---|---|
r-devel-linux-x86_64-debian-clang | 2.6.2 | 3.09 | 28.01 | 31.10 | OK | |
r-devel-linux-x86_64-debian-gcc | 2.6.2 | 2.58 | 22.95 | 25.53 | OK | |
r-devel-linux-x86_64-fedora-clang | 2.6.2 | 51.72 | OK | |||
r-devel-linux-x86_64-fedora-gcc | 2.6.2 | 63.84 | OK | |||
r-devel-windows-x86_64 | 2.6.2 | 27.00 | 229.00 | 256.00 | OK | |
r-patched-linux-x86_64 | 2.6.2 | 2.92 | 26.85 | 29.77 | OK | |
r-release-linux-x86_64 | 2.6.2 | 2.75 | 27.63 | 30.38 | OK | |
r-release-macos-arm64 | 2.6.2 | 44.00 | OK | |||
r-release-macos-x86_64 | 2.6.2 | 74.00 | OK | |||
r-release-windows-x86_64 | 2.6.2 | 29.00 | 230.00 | 259.00 | OK | |
r-oldrel-macos-arm64 | 2.6.2 | 93.00 | NOTE | |||
r-oldrel-macos-x86_64 | 2.6.2 | 135.00 | NOTE | |||
r-oldrel-windows-x86_64 | 2.6.2 | 32.00 | 309.00 | 341.00 | NOTE |
Version: 2.6.2
Check: installed package size
Result: NOTE
installed size is 28.7Mb
sub-directories of 1Mb or more:
libs 28.2Mb
Flavors: r-oldrel-macos-arm64, r-oldrel-macos-x86_64, r-oldrel-windows-x86_64