Last updated on 2025-07-16 05:49:35 CEST.
Flavor | Version | Tinstall | Tcheck | Ttotal | Status | Flags |
---|---|---|---|---|---|---|
r-devel-linux-x86_64-debian-clang | 0.3.2 | 4.21 | 78.36 | 82.57 | NOTE | |
r-devel-linux-x86_64-debian-gcc | 0.3.2 | 2.98 | 54.59 | 57.57 | NOTE | |
r-devel-linux-x86_64-fedora-clang | 0.3.2 | 128.72 | NOTE | |||
r-devel-linux-x86_64-fedora-gcc | 0.3.2 | 140.06 | NOTE | |||
r-devel-windows-x86_64 | 0.3.2 | 6.00 | 90.00 | 96.00 | NOTE | |
r-patched-linux-x86_64 | 0.3.2 | 4.76 | 73.44 | 78.20 | NOTE | |
r-release-linux-x86_64 | 0.3.2 | 3.76 | 71.57 | 75.33 | NOTE | |
r-release-macos-arm64 | 0.3.2 | 51.00 | NOTE | |||
r-release-macos-x86_64 | 0.3.2 | 85.00 | NOTE | |||
r-release-windows-x86_64 | 0.3.2 | 7.00 | 98.00 | 105.00 | NOTE | |
r-oldrel-macos-arm64 | 0.3.2 | 53.00 | OK | |||
r-oldrel-macos-x86_64 | 0.3.2 | 84.00 | OK | |||
r-oldrel-windows-x86_64 | 0.3.2 | 8.00 | 108.00 | 116.00 | OK |
Version: 0.3.2
Check: DESCRIPTION meta-information
Result: NOTE
Missing dependency on R >= 4.1.0 because package code uses the pipe
|> or function shorthand \(...) syntax added in R 4.1.0.
File(s) using such syntax:
‘calculate_indices.Rd’ ‘get_stac_data.R’ ‘get_stac_data.Rd’
‘landsat_mask_function.Rd’
Flavors: r-devel-linux-x86_64-debian-clang, r-devel-linux-x86_64-debian-gcc, r-devel-linux-x86_64-fedora-clang, r-devel-linux-x86_64-fedora-gcc, r-devel-windows-x86_64, r-patched-linux-x86_64, r-release-linux-x86_64, r-release-macos-arm64, r-release-macos-x86_64, r-release-windows-x86_64