Last updated on 2025-07-16 17:49:36 CEST.
Flavor | Version | Tinstall | Tcheck | Ttotal | Status | Flags |
---|---|---|---|---|---|---|
r-devel-linux-x86_64-debian-clang | 1.0.0 | 7.58 | 95.10 | 102.68 | OK | |
r-devel-linux-x86_64-debian-gcc | 1.0.0 | 6.07 | 66.28 | 72.35 | OK | |
r-devel-linux-x86_64-fedora-clang | 1.0.0 | 155.89 | NOTE | |||
r-devel-linux-x86_64-fedora-gcc | 1.0.0 | 167.35 | NOTE | |||
r-devel-windows-x86_64 | 1.0.0 | 9.00 | 102.00 | 111.00 | OK | |
r-patched-linux-x86_64 | 1.0.0 | 6.87 | 87.94 | 94.81 | OK | |
r-release-linux-x86_64 | 1.0.0 | 7.58 | 86.70 | 94.28 | OK | |
r-release-macos-arm64 | 1.0.0 | 53.00 | OK | |||
r-release-macos-x86_64 | 1.0.0 | 98.00 | OK | |||
r-release-windows-x86_64 | 1.0.0 | 9.00 | 121.00 | 130.00 | OK | |
r-oldrel-macos-arm64 | 1.0.0 | 52.00 | OK | |||
r-oldrel-macos-x86_64 | 1.0.0 | 71.00 | OK | |||
r-oldrel-windows-x86_64 | 1.0.0 | 12.00 | 128.00 | 140.00 | OK |
Version: 1.0.0
Check: dependencies in R code
Result: NOTE
Namespace in Imports field not imported from: ‘Rcpp’
All declared Imports should be used.
Flavors: r-devel-linux-x86_64-fedora-clang, r-devel-linux-x86_64-fedora-gcc