Last updated on 2025-07-17 11:50:45 CEST.
Flavor | Version | Tinstall | Tcheck | Ttotal | Status | Flags |
---|---|---|---|---|---|---|
r-devel-linux-x86_64-debian-clang | 1.4.99 | 10.32 | 96.42 | 106.74 | NOTE | |
r-devel-linux-x86_64-debian-gcc | 1.4.99 | 5.69 | 69.15 | 74.84 | NOTE | |
r-devel-linux-x86_64-fedora-clang | 1.4.99 | 166.76 | NOTE | |||
r-devel-linux-x86_64-fedora-gcc | 1.4.99 | 181.65 | NOTE | |||
r-devel-windows-x86_64 | 1.4.99 | 11.00 | 126.00 | 137.00 | NOTE | |
r-patched-linux-x86_64 | 1.4.99 | 12.02 | 89.63 | 101.65 | NOTE | |
r-release-linux-x86_64 | 1.4.99 | 10.54 | 88.74 | 99.28 | NOTE | |
r-release-macos-arm64 | 1.4.99 | 71.00 | NOTE | |||
r-release-macos-x86_64 | 1.4.99 | 153.00 | NOTE | |||
r-release-windows-x86_64 | 1.4.99 | 14.00 | 125.00 | 139.00 | NOTE | |
r-oldrel-macos-arm64 | 1.4.99 | 117.00 | NOTE | |||
r-oldrel-macos-x86_64 | 1.4.99 | 95.00 | NOTE | |||
r-oldrel-windows-x86_64 | 1.4.99 | 17.00 | 151.00 | 168.00 | NOTE |
Version: 1.4.99
Check: Rd files
Result: NOTE
checkRd: (-1) ex.Rd:20: Lost braces
20 | Execute a ops-dag using `code{wrap()}` data as values.
| ^
checkRd: (-1) sql_node.Rd:29: Lost braces; missing escapes or markup?
29 | \item{expand_braces}{logical if TRUE use {col} notation to ensure {col} is a column name.}
| ^
checkRd: (-1) sql_node.Rd:29: Lost braces; missing escapes or markup?
29 | \item{expand_braces}{logical if TRUE use {col} notation to ensure {col} is a column name.}
| ^
Flavors: r-devel-linux-x86_64-debian-clang, r-devel-linux-x86_64-debian-gcc, r-devel-linux-x86_64-fedora-clang, r-devel-linux-x86_64-fedora-gcc, r-devel-windows-x86_64, r-patched-linux-x86_64, r-release-linux-x86_64, r-release-macos-arm64, r-release-macos-x86_64, r-release-windows-x86_64, r-oldrel-macos-arm64, r-oldrel-macos-x86_64, r-oldrel-windows-x86_64