CRAN Package Check Results for Package rpivotTable

Last updated on 2025-10-16 22:50:33 CEST.

Flavor Version Tinstall Tcheck Ttotal Status Flags
r-devel-linux-x86_64-debian-clang 0.3.0 2.35 34.29 36.64 NOTE
r-devel-linux-x86_64-debian-gcc 0.3.0 1.86 27.30 29.16 NOTE
r-devel-linux-x86_64-fedora-clang 0.3.0 55.49 NOTE
r-devel-linux-x86_64-fedora-gcc 0.3.0 67.04 NOTE
r-devel-windows-x86_64 0.3.0 5.00 54.00 59.00 NOTE
r-patched-linux-x86_64 0.3.0 2.21 31.88 34.09 NOTE
r-release-linux-x86_64 0.3.0 2.55 31.82 34.37 NOTE
r-release-macos-arm64 0.3.0 40.00 NOTE
r-release-macos-x86_64 0.3.0 48.00 NOTE
r-release-windows-x86_64 0.3.0 5.00 54.00 59.00 NOTE
r-oldrel-macos-arm64 0.3.0 30.00 NOTE
r-oldrel-macos-x86_64 0.3.0 40.00 NOTE
r-oldrel-windows-x86_64 0.3.0 8.00 63.00 71.00 NOTE

Check Details

Version: 0.3.0
Check: Rd files
Result: NOTE checkRd: (-1) rpivotTable.Rd:60: Lost braces; missing escapes or markup? 60 | An example is: onRefresh=htmlwidgets::JS("function(config) { Shiny.onInputChange('myPivotData', config); }") | ^ Flavors: r-devel-linux-x86_64-debian-clang, r-devel-linux-x86_64-debian-gcc, r-devel-linux-x86_64-fedora-clang, r-devel-linux-x86_64-fedora-gcc, r-devel-windows-x86_64, r-patched-linux-x86_64, r-release-linux-x86_64, r-release-macos-arm64, r-release-macos-x86_64, r-release-windows-x86_64, r-oldrel-macos-arm64, r-oldrel-macos-x86_64, r-oldrel-windows-x86_64