Last updated on 2025-07-28 13:49:45 CEST.
Flavor | Version | Tinstall | Tcheck | Ttotal | Status | Flags |
---|---|---|---|---|---|---|
r-devel-linux-x86_64-debian-clang | 0.3.0 | 8.87 | 62.34 | 71.21 | NOTE | |
r-devel-linux-x86_64-debian-gcc | 0.3.1 | 5.56 | 44.36 | 49.92 | OK | |
r-devel-linux-x86_64-fedora-clang | 0.3.1 | 109.47 | OK | |||
r-devel-linux-x86_64-fedora-gcc | 0.3.1 | 102.51 | OK | |||
r-devel-windows-x86_64 | 0.3.1 | 10.00 | 71.00 | 81.00 | OK | |
r-patched-linux-x86_64 | 0.3.0 | 8.47 | 57.98 | 66.45 | NOTE | |
r-release-linux-x86_64 | 0.3.1 | 8.93 | 58.40 | 67.33 | OK | |
r-release-macos-arm64 | 0.3.1 | 31.00 | OK | |||
r-release-macos-x86_64 | 0.3.1 | 68.00 | OK | |||
r-release-windows-x86_64 | 0.3.1 | 9.00 | 72.00 | 81.00 | OK | |
r-oldrel-macos-arm64 | 0.3.1 | 31.00 | OK | |||
r-oldrel-macos-x86_64 | 0.3.1 | 79.00 | OK | |||
r-oldrel-windows-x86_64 | 0.3.1 | 14.00 | 86.00 | 100.00 | OK |
Version: 0.3.0
Check: CRAN incoming feasibility
Result: NOTE
Maintainer: ‘Felipe Queiroz <ffelipeq@outlook.com>’
The Description field contains
regression are described in Maluf et al. (2022) <arXiv:2209.11315>.
Please refer to arXiv e-prints via their arXiv DOI <doi:10.48550/arXiv.YYMM.NNNNN>.
Flavor: r-devel-linux-x86_64-debian-clang
Version: 0.3.0
Check: Rd cross-references
Result: NOTE
Found the following Rd file(s) with Rd \link{} targets missing package
anchors:
robustbetareg.Rd: betareg
Please provide package anchors for all Rd \link{} targets not in the
package itself and the base packages.
Flavors: r-devel-linux-x86_64-debian-clang, r-patched-linux-x86_64