CRAN Package Check Results for Package rmda

Last updated on 2025-07-16 05:49:34 CEST.

Flavor Version Tinstall Tcheck Ttotal Status Flags
r-devel-linux-x86_64-debian-clang 1.6 15.36 139.13 154.49 NOTE
r-devel-linux-x86_64-debian-gcc 1.6 10.49 95.64 106.13 NOTE
r-devel-linux-x86_64-fedora-clang 1.6 234.14 OK
r-devel-linux-x86_64-fedora-gcc 1.6 217.31 OK
r-devel-windows-x86_64 1.6 15.00 125.00 140.00 OK
r-patched-linux-x86_64 1.6 13.96 127.57 141.53 OK
r-release-linux-x86_64 1.6 13.49 127.02 140.51 OK
r-release-macos-arm64 1.6 57.00 OK
r-release-macos-x86_64 1.6 113.00 OK
r-release-windows-x86_64 1.6 16.00 136.00 152.00 OK
r-oldrel-macos-arm64 1.6 55.00 OK
r-oldrel-macos-x86_64 1.6 83.00 OK
r-oldrel-windows-x86_64 1.6 20.00 166.00 186.00 OK

Check Details

Version: 1.6
Check: CRAN incoming feasibility
Result: NOTE Maintainer: ‘Marshall Brown <mdbrown@fredhutch.org>’ No Authors@R field in DESCRIPTION. Please add one, modifying Authors@R: person(given = "Marshall", family = "Brown", role = c("aut", "cre"), email = "mdbrown@fredhutch.org") as necessary. Flavors: r-devel-linux-x86_64-debian-clang, r-devel-linux-x86_64-debian-gcc