CRAN Package Check Results for Package rmapshaper

Last updated on 2025-07-16 05:49:34 CEST.

Flavor Version Tinstall Tcheck Ttotal Status Flags
r-devel-linux-x86_64-debian-clang 0.5.0 5.02 71.87 76.89 NOTE
r-devel-linux-x86_64-debian-gcc 0.5.0 3.75 55.96 59.71 NOTE
r-devel-linux-x86_64-fedora-clang 0.5.0 118.94 NOTE
r-devel-linux-x86_64-fedora-gcc 0.5.0 132.64 NOTE
r-devel-windows-x86_64 0.5.0 7.00 83.00 90.00 NOTE
r-patched-linux-x86_64 0.5.0 5.37 69.12 74.49 NOTE
r-release-linux-x86_64 0.5.0 4.96 69.38 74.34 NOTE
r-release-macos-arm64 0.5.0 44.00 NOTE
r-release-macos-x86_64 0.5.0 77.00 NOTE
r-release-windows-x86_64 0.5.0 9.00 92.00 101.00 NOTE
r-oldrel-macos-arm64 0.5.0 42.00 NOTE
r-oldrel-macos-x86_64 0.5.0 63.00 NOTE
r-oldrel-windows-x86_64 0.5.0 10.00 101.00 111.00 NOTE

Check Details

Version: 0.5.0
Check: Rd files
Result: NOTE checkRd: (-1) ms_simplify.Rd:36: Lost braces 36 | \url{https://github.com/mbloch/mapshaper/wiki/Simplification-Tips}{link} | ^ Flavors: r-devel-linux-x86_64-debian-clang, r-devel-linux-x86_64-debian-gcc, r-devel-linux-x86_64-fedora-clang, r-devel-linux-x86_64-fedora-gcc, r-devel-windows-x86_64, r-patched-linux-x86_64, r-release-linux-x86_64, r-release-macos-arm64, r-release-macos-x86_64, r-release-windows-x86_64, r-oldrel-macos-arm64, r-oldrel-macos-x86_64, r-oldrel-windows-x86_64