CRAN Package Check Results for Package riverdist

Last updated on 2025-07-16 05:49:33 CEST.

Flavor Version Tinstall Tcheck Ttotal Status Flags
r-devel-linux-x86_64-debian-clang 0.17.1 12.56 153.77 166.33 NOTE
r-devel-linux-x86_64-debian-gcc 0.17.1 7.72 102.65 110.37 NOTE
r-devel-linux-x86_64-fedora-clang 0.17.1 254.40 NOTE
r-devel-linux-x86_64-fedora-gcc 0.17.1 264.64 NOTE
r-devel-windows-x86_64 0.17.1 12.00 158.00 170.00 NOTE
r-patched-linux-x86_64 0.17.1 13.17 144.36 157.53 NOTE
r-release-linux-x86_64 0.17.1 10.67 145.49 156.16 NOTE
r-release-macos-arm64 0.17.1 77.00 NOTE
r-release-macos-x86_64 0.17.1 152.00 NOTE
r-release-windows-x86_64 0.17.1 13.00 169.00 182.00 NOTE
r-oldrel-macos-arm64 0.17.1 72.00 OK
r-oldrel-macos-x86_64 0.17.1 125.00 OK
r-oldrel-windows-x86_64 0.17.1 19.00 193.00 212.00 OK

Check Details

Version: 0.17.1
Check: DESCRIPTION meta-information
Result: NOTE Missing dependency on R >= 4.1.0 because package code uses the pipe |> or function shorthand \(...) syntax added in R 4.1.0. File(s) using such syntax: ‘plotdensity.R’ Flavors: r-devel-linux-x86_64-debian-clang, r-devel-linux-x86_64-debian-gcc, r-devel-linux-x86_64-fedora-clang, r-devel-linux-x86_64-fedora-gcc, r-devel-windows-x86_64, r-patched-linux-x86_64, r-release-linux-x86_64, r-release-macos-arm64, r-release-macos-x86_64, r-release-windows-x86_64