Last updated on 2025-07-16 11:50:49 CEST.
Flavor | Version | Tinstall | Tcheck | Ttotal | Status | Flags |
---|---|---|---|---|---|---|
r-devel-linux-x86_64-debian-clang | 0.4.0 | 15.41 | 122.30 | 137.71 | NOTE | |
r-devel-linux-x86_64-debian-gcc | 0.4.0 | 10.38 | 85.22 | 95.60 | NOTE | |
r-devel-linux-x86_64-fedora-clang | 0.4.0 | 210.67 | OK | |||
r-devel-linux-x86_64-fedora-gcc | 0.4.0 | 213.78 | OK | |||
r-devel-windows-x86_64 | 0.4.0 | 16.00 | 152.00 | 168.00 | OK | |
r-patched-linux-x86_64 | 0.4.0 | 22.63 | 113.86 | 136.49 | OK | |
r-release-linux-x86_64 | 0.4.0 | 14.24 | 113.76 | 128.00 | OK | |
r-release-macos-arm64 | 0.4.0 | 68.00 | OK | |||
r-release-macos-x86_64 | 0.4.0 | 123.00 | OK | |||
r-release-windows-x86_64 | 0.4.0 | 15.00 | 165.00 | 180.00 | OK | |
r-oldrel-macos-arm64 | 0.4.0 | 52.00 | OK | |||
r-oldrel-macos-x86_64 | 0.4.0 | 108.00 | OK | |||
r-oldrel-windows-x86_64 | 0.4.0 | 14.00 | 185.00 | 199.00 | OK |
Version: 0.4.0
Check: CRAN incoming feasibility
Result: NOTE
Maintainer: ‘Hansjoerg Neth <h.neth@uni.kn>’
Package CITATION file contains call(s) to old-style personList() or
as.personList(). Please use c() on person objects instead.
Package CITATION file contains call(s) to old-style citEntry(). Please
use bibentry() instead.
Flavors: r-devel-linux-x86_64-debian-clang, r-devel-linux-x86_64-debian-gcc