Last updated on 2025-07-27 01:48:32 CEST.
Flavor | Version | Tinstall | Tcheck | Ttotal | Status | Flags |
---|---|---|---|---|---|---|
r-devel-linux-x86_64-debian-clang | 1.0.4 | 7.95 | 69.65 | 77.60 | NOTE | |
r-devel-linux-x86_64-debian-gcc | 1.0.4 | 5.18 | 49.91 | 55.09 | NOTE | |
r-devel-linux-x86_64-fedora-clang | 1.0.4 | 124.80 | NOTE | |||
r-devel-linux-x86_64-fedora-gcc | 1.0.4 | 129.01 | NOTE | |||
r-devel-windows-x86_64 | 1.0.4 | 10.00 | 117.00 | 127.00 | NOTE | |
r-patched-linux-x86_64 | 1.0.4 | 8.39 | 64.46 | 72.85 | NOTE | |
r-release-linux-x86_64 | 1.0.4 | 7.58 | 64.67 | 72.25 | NOTE | |
r-release-macos-arm64 | 1.0.4 | 41.00 | NOTE | |||
r-release-macos-x86_64 | 1.0.4 | 79.00 | NOTE | |||
r-release-windows-x86_64 | 1.0.4 | 10.00 | 103.00 | 113.00 | NOTE | |
r-oldrel-macos-arm64 | 1.0.4 | 38.00 | NOTE | |||
r-oldrel-macos-x86_64 | 1.0.4 | 61.00 | NOTE | |||
r-oldrel-windows-x86_64 | 1.0.4 | 14.00 | 114.00 | 128.00 | NOTE |
Version: 1.0.4
Check: Rd files
Result: NOTE
checkRd: (-1) rec.Rd:23: Escaped LaTeX specials: \$
Flavors: r-devel-linux-x86_64-debian-clang, r-devel-linux-x86_64-debian-gcc, r-devel-linux-x86_64-fedora-clang, r-devel-linux-x86_64-fedora-gcc, r-devel-windows-x86_64, r-patched-linux-x86_64, r-release-linux-x86_64, r-release-macos-arm64, r-release-macos-x86_64, r-release-windows-x86_64, r-oldrel-macos-arm64, r-oldrel-macos-x86_64, r-oldrel-windows-x86_64