CRAN Package Check Results for Package rebus.base

Last updated on 2025-07-15 11:49:36 CEST.

Flavor Version Tinstall Tcheck Ttotal Status Flags
r-devel-linux-x86_64-debian-clang 0.0-3 2.11 22.83 24.94 OK
r-devel-linux-x86_64-debian-gcc 0.0-3 1.63 18.68 20.31 OK
r-devel-linux-x86_64-fedora-clang 0.0-3 41.53 OK
r-devel-linux-x86_64-fedora-gcc 0.0-3 38.48 OK
r-devel-windows-x86_64 0.0-3 3.00 46.00 49.00 OK
r-patched-linux-x86_64 0.0-3 2.41 21.07 23.48 OK
r-release-linux-x86_64 0.0-3 2.02 20.94 22.96 OK
r-release-macos-arm64 0.0-3 15.00 OK
r-release-macos-x86_64 0.0-3 26.00 OK
r-release-windows-x86_64 0.0-3 4.00 55.00 59.00 OK
r-oldrel-macos-arm64 0.0-3 17.00 NOTE
r-oldrel-macos-x86_64 0.0-3 23.00 NOTE
r-oldrel-windows-x86_64 0.0-3 4.00 50.00 54.00 NOTE

Check Details

Version: 0.0-3
Check: LazyData
Result: NOTE 'LazyData' is specified without a 'data' directory Flavors: r-oldrel-macos-arm64, r-oldrel-macos-x86_64, r-oldrel-windows-x86_64