Last updated on 2025-07-17 05:49:59 CEST.
Flavor | Version | Tinstall | Tcheck | Ttotal | Status | Flags |
---|---|---|---|---|---|---|
r-devel-linux-x86_64-debian-clang | 0.5.0 | 37.52 | 310.98 | 348.50 | NOTE | |
r-devel-linux-x86_64-debian-gcc | 0.5.0 | 23.50 | 207.81 | 231.31 | NOTE | |
r-devel-linux-x86_64-fedora-clang | 0.5.0 | 582.82 | OK | |||
r-devel-linux-x86_64-fedora-gcc | 0.5.0 | 543.80 | OK | |||
r-devel-windows-x86_64 | 0.5.0 | 33.00 | 239.00 | 272.00 | OK | |
r-patched-linux-x86_64 | 0.5.0 | 32.91 | 294.86 | 327.77 | OK | |
r-release-linux-x86_64 | 0.5.0 | 36.16 | 298.01 | 334.17 | OK | |
r-release-macos-arm64 | 0.5.0 | 135.00 | OK | |||
r-release-macos-x86_64 | 0.5.0 | 266.00 | OK | |||
r-release-windows-x86_64 | 0.5.0 | 34.00 | 239.00 | 273.00 | OK | |
r-oldrel-macos-arm64 | 0.5.0 | 120.00 | OK | |||
r-oldrel-macos-x86_64 | 0.5.0 | 210.00 | OK | |||
r-oldrel-windows-x86_64 | 0.5.0 | 47.00 | 327.00 | 374.00 | OK |
Version: 0.5.0
Check: CRAN incoming feasibility
Result: NOTE
Maintainer: ‘Jamie Spaulding <jspaulding02@hamline.edu>’
No Authors@R field in DESCRIPTION.
Please add one, modifying
Authors@R: c(person(given = "Jamie",
family = "Spaulding",
role = c("aut", "cre"),
email = "jspaulding02@hamline.edu"),
person(given = "Keith",
family = "Morris",
role = "aut"))
as necessary.
Flavors: r-devel-linux-x86_64-debian-clang, r-devel-linux-x86_64-debian-gcc