CRAN Package Check Results for Package rankdist

Last updated on 2025-07-22 16:49:43 CEST.

Flavor Version Tinstall Tcheck Ttotal Status Flags
r-devel-linux-x86_64-debian-clang 1.1.4 15.08 33.12 48.20 NOTE
r-devel-linux-x86_64-debian-gcc 1.1.4 10.53 25.47 36.00 NOTE
r-devel-linux-x86_64-fedora-clang 1.1.4 78.56 OK
r-devel-linux-x86_64-fedora-gcc 1.1.4 74.97 OK
r-devel-windows-x86_64 1.1.4 17.00 68.00 85.00 OK
r-patched-linux-x86_64 1.1.4 16.14 31.10 47.24 OK
r-release-linux-x86_64 1.1.4 14.86 30.95 45.81 OK
r-release-macos-arm64 1.1.4 28.00 OK
r-release-macos-x86_64 1.1.4 41.00 OK
r-release-windows-x86_64 1.1.4 17.00 70.00 87.00 OK
r-oldrel-macos-arm64 1.1.4 27.00 OK
r-oldrel-macos-x86_64 1.1.4 46.00 OK
r-oldrel-windows-x86_64 1.1.4 15.00 86.00 101.00 OK

Check Details

Version: 1.1.4
Check: CRAN incoming feasibility
Result: NOTE Maintainer: ‘Zhaozhi Qian <qianzhaozhi@connect.hku.hk>’ No Authors@R field in DESCRIPTION. Please add one, modifying Authors@R: person(given = "Zhaozhi", family = "Qian", role = c("aut", "cre"), email = "qianzhaozhi@connect.hku.hk") as necessary. Flavors: r-devel-linux-x86_64-debian-clang, r-devel-linux-x86_64-debian-gcc