CRAN Package Check Results for Package rADA

Last updated on 2025-07-15 17:50:17 CEST.

Flavor Version Tinstall Tcheck Ttotal Status Flags
r-devel-linux-x86_64-debian-clang 1.1.9 2.88 49.33 52.21 OK
r-devel-linux-x86_64-debian-gcc 1.1.9 2.26 37.16 39.42 OK
r-devel-linux-x86_64-fedora-clang 1.1.9 89.08 NOTE
r-devel-linux-x86_64-fedora-gcc 1.1.9 90.57 NOTE
r-devel-windows-x86_64 1.1.9 6.00 67.00 73.00 OK
r-patched-linux-x86_64 1.1.9 3.38 47.01 50.39 OK
r-release-linux-x86_64 1.1.9 3.26 46.40 49.66 OK
r-release-macos-arm64 1.1.9 37.00 OK
r-release-macos-x86_64 1.1.9 58.00 OK
r-release-windows-x86_64 1.1.9 7.00 73.00 80.00 OK
r-oldrel-macos-arm64 1.1.9 33.00 NOTE
r-oldrel-macos-x86_64 1.1.9 47.00 NOTE
r-oldrel-windows-x86_64 1.1.9 7.00 80.00 87.00 NOTE

Check Details

Version: 1.1.9
Check: dependencies in R code
Result: NOTE Namespaces in Imports field not imported from: ‘Hmisc’ ‘car’ ‘dplyr’ ‘grid’ ‘gridExtra’ ‘knitr’ ‘lmerTest’ ‘tidyr’ All declared Imports should be used. Flavors: r-devel-linux-x86_64-fedora-clang, r-devel-linux-x86_64-fedora-gcc

Version: 1.1.9
Check: installed package size
Result: NOTE installed size is 5.7Mb sub-directories of 1Mb or more: doc 5.5Mb Flavors: r-oldrel-macos-arm64, r-oldrel-macos-x86_64, r-oldrel-windows-x86_64