Last updated on 2025-07-16 05:49:31 CEST.
Flavor | Version | Tinstall | Tcheck | Ttotal | Status | Flags |
---|---|---|---|---|---|---|
r-devel-linux-x86_64-debian-clang | 0.0-17 | 13.21 | 188.17 | 201.38 | NOTE | |
r-devel-linux-x86_64-debian-gcc | 0.0-17 | 9.01 | 136.01 | 145.02 | NOTE | |
r-devel-linux-x86_64-fedora-clang | 0.0-17 | 318.89 | OK | |||
r-devel-linux-x86_64-fedora-gcc | 0.0-17 | 322.37 | OK | |||
r-devel-windows-x86_64 | 0.0-17 | 17.00 | 194.00 | 211.00 | NOTE | |
r-patched-linux-x86_64 | 0.0-17 | 13.30 | 183.68 | 196.98 | NOTE | |
r-release-linux-x86_64 | 0.0-17 | 14.07 | 180.29 | 194.36 | NOTE | |
r-release-macos-arm64 | 0.0-17 | 96.00 | OK | |||
r-release-macos-x86_64 | 0.0-17 | 234.00 | OK | |||
r-release-windows-x86_64 | 0.0-17 | 17.00 | 208.00 | 225.00 | NOTE | |
r-oldrel-macos-arm64 | 0.0-17 | 87.00 | OK | |||
r-oldrel-macos-x86_64 | 0.0-17 | 138.00 | OK | |||
r-oldrel-windows-x86_64 | 0.0-17 | 23.00 | 250.00 | 273.00 | OK |
Version: 0.0-17
Check: Rd cross-references
Result: NOTE
Found the following Rd file(s) with Rd \link{} targets missing package
anchors:
fit_ARMA_GARCH.Rd: ugarchfit
get_data.Rd: getSymbols, Quandl, Ad, Cl, Op, Hi, Lo, Vo, OpCl, ClCl,
HiCl, LoCl, LoHi, OpHi, OpLo, OpOp
matrix_plot.Rd: levelplot
returns.Rd: xts
tests.Rd: ad.test
Please provide package anchors for all Rd \link{} targets not in the
package itself and the base packages.
Flavors: r-devel-linux-x86_64-debian-clang, r-devel-linux-x86_64-debian-gcc, r-devel-windows-x86_64, r-patched-linux-x86_64, r-release-linux-x86_64, r-release-windows-x86_64