Last updated on 2025-07-27 01:48:30 CEST.
Flavor | Version | Tinstall | Tcheck | Ttotal | Status | Flags |
---|---|---|---|---|---|---|
r-devel-linux-x86_64-debian-clang | 1.0.2 | 4.24 | 36.25 | 40.49 | NOTE | |
r-devel-linux-x86_64-debian-gcc | 1.0.2 | 3.50 | 27.77 | 31.27 | ERROR | |
r-devel-linux-x86_64-fedora-clang | 1.0.2 | 62.41 | NOTE | |||
r-devel-linux-x86_64-fedora-gcc | 1.0.2 | 56.98 | NOTE | |||
r-devel-windows-x86_64 | 1.0.2 | 6.00 | 70.00 | 76.00 | NOTE | |
r-patched-linux-x86_64 | 1.0.2 | 4.00 | 33.34 | 37.34 | NOTE | |
r-release-linux-x86_64 | 1.0.2 | 4.45 | 33.29 | 37.74 | ERROR | |
r-release-macos-arm64 | 1.0.2 | 38.00 | NOTE | |||
r-release-macos-x86_64 | 1.0.2 | 57.00 | NOTE | |||
r-release-windows-x86_64 | 1.0.2 | 6.00 | 55.00 | 61.00 | ERROR | |
r-oldrel-macos-arm64 | 1.0.2 | 31.00 | OK | |||
r-oldrel-macos-x86_64 | 1.0.2 | 59.00 | OK | |||
r-oldrel-windows-x86_64 | 1.0.2 | 7.00 | 65.00 | 72.00 | OK |
Version: 1.0.2
Check: DESCRIPTION meta-information
Result: NOTE
Missing dependency on R >= 4.1.0 because package code uses the pipe
|> or function shorthand \(...) syntax added in R 4.1.0.
File(s) using such syntax:
‘source_pmc.R’ ‘source_pubmed.R’ ‘source_pubtations.R’
Flavors: r-devel-linux-x86_64-debian-clang, r-devel-linux-x86_64-debian-gcc, r-devel-linux-x86_64-fedora-clang, r-devel-linux-x86_64-fedora-gcc, r-devel-windows-x86_64, r-patched-linux-x86_64, r-release-linux-x86_64, r-release-macos-arm64, r-release-macos-x86_64, r-release-windows-x86_64
Version: 1.0.2
Check: examples
Result: ERROR
Running examples in ‘puremoe-Ex.R’ failed
The error most likely occurred in:
> base::assign(".ptime", proc.time(), pos = "CheckExEnv")
> ### Name: get_records
> ### Title: Retrieve Data from 'NLM'/'PubMed' databases Based on PMIDs
> ### Aliases: get_records
>
> ### ** Examples
>
> pmids <- c("38136652")
> results <- get_records(pmids, endpoint = "pubmed_abstracts", cores = 1)
Error in read_xml.raw(charToRaw(enc2utf8(x)), "UTF-8", ..., as_html = as_html, :
Opening and ending tag mismatch: br line 45 and p [76]
Calls: get_records ... .fetch_records -> <Anonymous> -> read_xml.character -> read_xml.raw
Execution halted
Flavors: r-devel-linux-x86_64-debian-gcc, r-release-linux-x86_64
Version: 1.0.2
Check: examples
Result: ERROR
Running examples in 'puremoe-Ex.R' failed
The error most likely occurred in:
> ### Name: get_records
> ### Title: Retrieve Data from 'NLM'/'PubMed' databases Based on PMIDs
> ### Aliases: get_records
>
> ### ** Examples
>
> pmids <- c("38136652")
> results <- get_records(pmids, endpoint = "pubmed_abstracts", cores = 1)
Error in read_xml.raw(charToRaw(enc2utf8(x)), "UTF-8", ..., as_html = as_html, :
Opening and ending tag mismatch: br line 45 and p [76]
Calls: get_records ... .fetch_records -> <Anonymous> -> read_xml.character -> read_xml.raw
Execution halted
Flavor: r-release-windows-x86_64