Last updated on 2025-07-22 16:49:42 CEST.
Flavor | Version | Tinstall | Tcheck | Ttotal | Status | Flags |
---|---|---|---|---|---|---|
r-devel-linux-x86_64-debian-clang | 2.0.0 | 3.15 | 91.23 | 94.38 | ERROR | |
r-devel-linux-x86_64-debian-gcc | 2.0.0 | 2.89 | 91.83 | 94.72 | OK | |
r-devel-linux-x86_64-fedora-clang | 2.0.0 | 236.80 | OK | |||
r-devel-linux-x86_64-fedora-gcc | 2.0.0 | 229.60 | OK | |||
r-devel-windows-x86_64 | 2.0.0 | 6.00 | 135.00 | 141.00 | OK | |
r-patched-linux-x86_64 | 2.0.0 | 3.68 | 135.48 | 139.16 | OK | |
r-release-linux-x86_64 | 2.0.0 | 3.30 | 130.35 | 133.65 | OK | |
r-release-macos-arm64 | 2.0.0 | 76.00 | OK | |||
r-release-macos-x86_64 | 2.0.0 | 168.00 | OK | |||
r-release-windows-x86_64 | 2.0.0 | 5.00 | 140.00 | 145.00 | OK | |
r-oldrel-macos-arm64 | 2.0.0 | 62.00 | OK | |||
r-oldrel-macos-x86_64 | 2.0.0 | 100.00 | OK | |||
r-oldrel-windows-x86_64 | 2.0.0 | 7.00 | 182.00 | 189.00 | OK |
Version: 2.0.0
Check: re-building of vignette outputs
Result: ERROR
Error(s) in re-building vignettes:
...
--- re-building ‘spat-feateng.Rmd’ using rmarkdown
Quitting from spat-feateng.Rmd:98-110 [unnamed-chunk-8]
~~~~~~~~~~~~~~~~~~~~~~~~~~~~~~~~~~~~~~~~~~~~~~~~~~~~~~~~~~~~~~~~~~~~~~~~~~~~~~~~
<error/rlang_error>
Error in `.rowNamesDF<-`:
! invalid 'row.names' length
---
Backtrace:
▆
1. └─ptools::vor_sp(nyc_buff, liq_samp)
2. ├─base::`row.names<-`(`*tmp*`, value = pid)
3. └─base::`row.names<-.data.frame`(`*tmp*`, value = pid)
4. └─base::`.rowNamesDF<-`(x, value = value)
~~~~~~~~~~~~~~~~~~~~~~~~~~~~~~~~~~~~~~~~~~~~~~~~~~~~~~~~~~~~~~~~~~~~~~~~~~~~~~~~
Error: processing vignette 'spat-feateng.Rmd' failed with diagnostics:
invalid 'row.names' length
--- failed re-building ‘spat-feateng.Rmd’
SUMMARY: processing the following file failed:
‘spat-feateng.Rmd’
Error: Vignette re-building failed.
Execution halted
Flavor: r-devel-linux-x86_64-debian-clang