Last updated on 2025-07-16 23:49:23 CEST.
Flavor | Version | Tinstall | Tcheck | Ttotal | Status | Flags |
---|---|---|---|---|---|---|
r-devel-linux-x86_64-debian-clang | 0.11.0 | 3.98 | 182.00 | 185.98 | NOTE | |
r-devel-linux-x86_64-debian-gcc | 0.11.0 | 3.87 | 122.97 | 126.84 | NOTE | |
r-devel-linux-x86_64-fedora-clang | 0.11.0 | 286.79 | NOTE | |||
r-devel-linux-x86_64-fedora-gcc | 0.11.0 | 291.90 | NOTE | |||
r-devel-windows-x86_64 | 0.11.0 | 8.00 | 166.00 | 174.00 | NOTE | |
r-patched-linux-x86_64 | 0.11.0 | 4.82 | 173.82 | 178.64 | NOTE | |
r-release-linux-x86_64 | 0.11.0 | 5.46 | 171.01 | 176.47 | NOTE | |
r-release-macos-arm64 | 0.11.0 | 87.00 | NOTE | |||
r-release-macos-x86_64 | 0.11.0 | 167.00 | NOTE | |||
r-release-windows-x86_64 | 0.11.0 | 8.00 | 169.00 | 177.00 | NOTE | |
r-oldrel-macos-arm64 | 0.11.0 | 92.00 | OK | |||
r-oldrel-macos-x86_64 | 0.11.0 | 166.00 | OK | |||
r-oldrel-windows-x86_64 | 0.11.0 | 10.00 | 228.00 | 238.00 | OK |
Version: 0.11.0
Check: DESCRIPTION meta-information
Result: NOTE
Missing dependency on R >= 4.2.0 because package code uses the pipe
placeholder syntax added in R 4.2.0.
File(s) using such syntax:
‘estimate_risk.Rd’
Flavors: r-devel-linux-x86_64-debian-clang, r-devel-linux-x86_64-debian-gcc, r-devel-linux-x86_64-fedora-clang, r-devel-linux-x86_64-fedora-gcc, r-devel-windows-x86_64, r-patched-linux-x86_64, r-release-linux-x86_64, r-release-macos-arm64, r-release-macos-x86_64, r-release-windows-x86_64