Last updated on 2025-07-26 07:50:30 CEST.
Flavor | Version | Tinstall | Tcheck | Ttotal | Status | Flags |
---|---|---|---|---|---|---|
r-devel-linux-x86_64-debian-clang | 2.4 | 13.42 | 72.10 | 85.52 | OK | |
r-devel-linux-x86_64-debian-gcc | 2.4 | 9.49 | 52.64 | 62.13 | OK | |
r-devel-linux-x86_64-fedora-clang | 2.4 | 132.71 | OK | |||
r-devel-linux-x86_64-fedora-gcc | 2.4 | 125.14 | OK | |||
r-devel-windows-x86_64 | 2.4 | 18.00 | 107.00 | 125.00 | OK | |
r-patched-linux-x86_64 | 2.4 | 12.00 | 66.61 | 78.61 | OK | |
r-release-linux-x86_64 | 2.4 | 14.12 | 65.59 | 79.71 | OK | |
r-release-macos-arm64 | 2.4 | 39.00 | OK | |||
r-release-macos-x86_64 | 2.4 | 66.00 | OK | |||
r-release-windows-x86_64 | 2.4 | 19.00 | 93.00 | 112.00 | OK | |
r-oldrel-macos-arm64 | 2.4 | 39.00 | NOTE | |||
r-oldrel-macos-x86_64 | 2.4 | 59.00 | NOTE | |||
r-oldrel-windows-x86_64 | 2.4 | 22.00 | 117.00 | 139.00 | NOTE |
Version: 2.4
Check: LazyData
Result: NOTE
'LazyData' is specified without a 'data' directory
Flavors: r-oldrel-macos-arm64, r-oldrel-macos-x86_64, r-oldrel-windows-x86_64