CRAN Package Check Results for Package plinkQC

Last updated on 2025-07-16 05:49:31 CEST.

Flavor Version Tinstall Tcheck Ttotal Status Flags
r-devel-linux-x86_64-debian-clang 0.3.4 7.83 108.45 116.28 NOTE
r-devel-linux-x86_64-debian-gcc 0.3.4 5.46 79.64 85.10 NOTE
r-devel-linux-x86_64-fedora-clang 0.3.4 176.09 NOTE
r-devel-linux-x86_64-fedora-gcc 0.3.4 185.99 NOTE
r-devel-windows-x86_64 0.3.4 11.00 163.00 174.00 NOTE
r-patched-linux-x86_64 0.3.4 8.34 103.43 111.77 NOTE
r-release-linux-x86_64 0.3.4 5.99 101.80 107.79 NOTE
r-release-macos-arm64 0.3.4 77.00 NOTE
r-release-macos-x86_64 0.3.4 164.00 NOTE
r-release-windows-x86_64 0.3.4 10.00 173.00 183.00 NOTE
r-oldrel-macos-arm64 0.3.4 73.00 NOTE
r-oldrel-macos-x86_64 0.3.4 105.00 NOTE
r-oldrel-windows-x86_64 0.3.4 13.00 187.00 200.00 NOTE

Check Details

Version: 0.3.4
Check: Rd files
Result: NOTE checkRd: (-1) check_hwe.Rd:103: Lost braces; missing escapes or markup? 103 | {'ALL', 'AFF', 'UNAFF', 'ALL(QT)', 'ALL(NP)'}), A1 (Allele 1; usually minor), | ^ Flavors: r-devel-linux-x86_64-debian-clang, r-devel-linux-x86_64-debian-gcc, r-devel-linux-x86_64-fedora-clang, r-devel-linux-x86_64-fedora-gcc, r-devel-windows-x86_64, r-patched-linux-x86_64, r-release-linux-x86_64, r-release-macos-arm64, r-release-macos-x86_64, r-release-windows-x86_64, r-oldrel-macos-arm64, r-oldrel-macos-x86_64, r-oldrel-windows-x86_64