CRAN Package Check Results for Package plgraphics

Last updated on 2025-07-16 11:50:46 CEST.

Flavor Version Tinstall Tcheck Ttotal Status Flags
r-devel-linux-x86_64-debian-clang 1.2 17.02 177.78 194.80 NOTE
r-devel-linux-x86_64-debian-gcc 1.2 11.01 123.69 134.70 NOTE
r-devel-linux-x86_64-fedora-clang 1.2 299.28 NOTE
r-devel-linux-x86_64-fedora-gcc 1.2 303.54 NOTE
r-devel-windows-x86_64 1.2 17.00 204.00 221.00 NOTE
r-patched-linux-x86_64 1.2 19.62 169.88 189.50 NOTE
r-release-linux-x86_64 1.2 16.84 169.76 186.60 NOTE
r-release-macos-arm64 1.2 116.00 NOTE
r-release-macos-x86_64 1.2 197.00 NOTE
r-release-windows-x86_64 1.2 18.00 223.00 241.00 NOTE
r-oldrel-macos-arm64 1.2 89.00 NOTE
r-oldrel-macos-x86_64 1.2 196.00 NOTE
r-oldrel-windows-x86_64 1.2 25.00 267.00 292.00 NOTE

Check Details

Version: 1.2
Check: Rd files
Result: NOTE checkRd: (-1) plgraphics-internal.Rd:19: Lost braces 19 | \item{RNAMES}{code{row.names} if \code{x} is a matrix or data.frame, | ^ Flavors: r-devel-linux-x86_64-debian-clang, r-devel-linux-x86_64-debian-gcc, r-devel-linux-x86_64-fedora-clang, r-devel-linux-x86_64-fedora-gcc, r-devel-windows-x86_64, r-patched-linux-x86_64, r-release-linux-x86_64, r-release-macos-arm64, r-release-macos-x86_64, r-release-windows-x86_64, r-oldrel-macos-arm64, r-oldrel-macos-x86_64, r-oldrel-windows-x86_64

Version: 1.2
Check: Rd cross-references
Result: NOTE Found the following Rd file(s) with Rd \link{} targets missing package anchors: Tobit.Rd: Surv Please provide package anchors for all Rd \link{} targets not in the package itself and the base packages. Flavors: r-devel-linux-x86_64-debian-clang, r-devel-linux-x86_64-debian-gcc, r-devel-windows-x86_64, r-patched-linux-x86_64, r-release-linux-x86_64, r-release-windows-x86_64