CRAN Package Check Results for Package plfMA

Last updated on 2025-07-16 23:49:23 CEST.

Flavor Version Tinstall Tcheck Ttotal Status Flags
r-devel-linux-x86_64-debian-clang 2.0 11.66 71.95 83.61 NOTE
r-devel-linux-x86_64-debian-gcc 2.0 9.47 61.01 70.48 NOTE
r-devel-linux-x86_64-fedora-clang 2.0 127.18 OK
r-devel-linux-x86_64-fedora-gcc 2.0 126.19 OK
r-devel-windows-x86_64 2.0 10.00 71.00 81.00 OK
r-patched-linux-x86_64 2.0 12.69 65.80 78.49 OK
r-release-linux-x86_64 2.0 11.62 66.96 78.58 OK
r-release-macos-arm64 2.0 80.00 OK
r-release-macos-x86_64 2.0 102.00 OK
r-release-windows-x86_64 2.0 11.00 72.00 83.00 OK
r-oldrel-macos-arm64 2.0 53.00 OK
r-oldrel-macos-x86_64 2.0 72.00 OK
r-oldrel-windows-x86_64 2.0 13.00 89.00 102.00 OK

Check Details

Version: 2.0
Check: CRAN incoming feasibility
Result: NOTE Maintainer: ‘Dhammapal Bharne <dhammapalb@uohyd.ac.in>’ No Authors@R field in DESCRIPTION. Please add one, modifying Authors@R: c(person(given = "Dhammapal", family = "Bharne", role = c("aut", "cre"), email = "dhammapalb@uohyd.ac.in"), person(given = "Vaibhav", family = "Vindal", role = "aut")) as necessary. Flavors: r-devel-linux-x86_64-debian-clang, r-devel-linux-x86_64-debian-gcc