CRAN Package Check Results for Package pkgverse

Last updated on 2025-07-15 17:50:16 CEST.

Flavor Version Tinstall Tcheck Ttotal Status Flags
r-devel-linux-x86_64-debian-clang 0.0.1 1.51 19.77 21.28 OK
r-devel-linux-x86_64-debian-gcc 0.0.1 1.62 16.26 17.88 OK
r-devel-linux-x86_64-fedora-clang 0.0.1 32.04 OK
r-devel-linux-x86_64-fedora-gcc 0.0.1 30.37 OK
r-devel-windows-x86_64 0.0.1 4.00 40.00 44.00 OK
r-patched-linux-x86_64 0.0.1 1.88 17.99 19.87 OK
r-release-linux-x86_64 0.0.1 1.92 17.68 19.60 OK
r-release-macos-arm64 0.0.1 16.00 OK
r-release-macos-x86_64 0.0.1 23.00 OK
r-release-windows-x86_64 0.0.1 6.00 39.00 45.00 OK
r-oldrel-macos-arm64 0.0.1 15.00 NOTE
r-oldrel-macos-x86_64 0.0.1 21.00 NOTE
r-oldrel-windows-x86_64 0.0.1 6.00 42.00 48.00 NOTE

Check Details

Version: 0.0.1
Check: LazyData
Result: NOTE 'LazyData' is specified without a 'data' directory Flavors: r-oldrel-macos-arm64, r-oldrel-macos-x86_64, r-oldrel-windows-x86_64