Last updated on 2025-07-16 17:49:32 CEST.
Flavor | Version | Tinstall | Tcheck | Ttotal | Status | Flags |
---|---|---|---|---|---|---|
r-devel-linux-x86_64-debian-clang | 1.1.5 | 4.42 | 117.17 | 121.59 | NOTE | |
r-devel-linux-x86_64-debian-gcc | 1.1.5 | 3.10 | 82.00 | 85.10 | NOTE | |
r-devel-linux-x86_64-fedora-clang | 1.1.5 | 183.63 | OK | |||
r-devel-linux-x86_64-fedora-gcc | 1.1.5 | 188.44 | OK | |||
r-devel-windows-x86_64 | 1.1.5 | 7.00 | 141.00 | 148.00 | OK | |
r-patched-linux-x86_64 | 1.1.5 | 4.59 | 110.97 | 115.56 | OK | |
r-release-linux-x86_64 | 1.1.5 | 3.75 | 110.68 | 114.43 | OK | |
r-release-macos-arm64 | 1.1.5 | 93.00 | OK | |||
r-release-macos-x86_64 | 1.1.5 | 188.00 | OK | |||
r-release-windows-x86_64 | 1.1.5 | 6.00 | 151.00 | 157.00 | OK | |
r-oldrel-macos-arm64 | 1.1.5 | 95.00 | OK | |||
r-oldrel-macos-x86_64 | 1.1.5 | 128.00 | OK | |||
r-oldrel-windows-x86_64 | 1.1.5 | 7.00 | 166.00 | 173.00 | OK |
Version: 1.1.5
Check: CRAN incoming feasibility
Result: NOTE
Maintainer: ‘Koen Hufkens <koen.hufkens@gmail.com>’
Package CITATION file contains call(s) to old-style personList() or
as.personList(). Please use c() on person objects instead.
Package CITATION file contains call(s) to old-style citEntry(). Please
use bibentry() instead.
Flavors: r-devel-linux-x86_64-debian-clang, r-devel-linux-x86_64-debian-gcc