Last updated on 2025-07-15 23:51:28 CEST.
Flavor | Version | Tinstall | Tcheck | Ttotal | Status | Flags |
---|---|---|---|---|---|---|
r-devel-linux-x86_64-debian-clang | 0.2.1 | 115.44 | 211.85 | 327.29 | OK | |
r-devel-linux-x86_64-debian-gcc | 0.2.1 | 113.91 | 169.76 | 283.67 | OK | |
r-devel-linux-x86_64-fedora-clang | 0.2.1 | 505.64 | OK | |||
r-devel-linux-x86_64-fedora-gcc | 0.2.1 | 591.10 | OK | |||
r-devel-windows-x86_64 | 0.2.1 | 135.00 | 274.00 | 409.00 | OK | |
r-patched-linux-x86_64 | 0.2.1 | 153.93 | 217.14 | 371.07 | OK | |
r-release-linux-x86_64 | 0.2.1 | 145.14 | 219.68 | 364.82 | OK | |
r-release-macos-arm64 | 0.2.1 | 148.00 | OK | |||
r-release-macos-x86_64 | 0.2.1 | 451.00 | OK | |||
r-release-windows-x86_64 | 0.2.1 | 153.00 | 295.00 | 448.00 | OK | |
r-oldrel-macos-arm64 | 0.2.1 | 88.00 | NOTE | |||
r-oldrel-macos-x86_64 | 0.2.1 | 156.00 | NOTE | |||
r-oldrel-windows-x86_64 | 0.2.1 | 161.00 | 368.00 | 529.00 | NOTE |
Version: 0.2.1
Check: installed package size
Result: NOTE
installed size is 40.5Mb
sub-directories of 1Mb or more:
libs 40.2Mb
Flavors: r-oldrel-macos-arm64, r-oldrel-macos-x86_64
Version: 0.2.1
Check: for GNU extensions in Makefiles
Result: NOTE
GNU make is a SystemRequirements.
Flavors: r-oldrel-macos-arm64, r-oldrel-macos-x86_64, r-oldrel-windows-x86_64