Last updated on 2025-07-19 08:48:44 CEST.
Flavor | Version | Tinstall | Tcheck | Ttotal | Status | Flags |
---|---|---|---|---|---|---|
r-devel-linux-x86_64-debian-clang | 1.0.0 | 20.97 | 90.02 | 110.99 | NOTE | |
r-devel-linux-x86_64-debian-gcc | 1.0.0 | 15.02 | 60.61 | 75.63 | NOTE | |
r-devel-linux-x86_64-fedora-clang | 1.0.0 | 177.42 | NOTE | |||
r-devel-linux-x86_64-fedora-gcc | 1.0.0 | 184.64 | NOTE | |||
r-devel-windows-x86_64 | 1.0.0 | 28.00 | 138.00 | 166.00 | NOTE | |
r-patched-linux-x86_64 | 1.0.0 | 20.55 | 85.26 | 105.81 | NOTE | |
r-release-linux-x86_64 | 1.0.0 | 21.12 | 84.93 | 106.05 | NOTE | |
r-release-macos-arm64 | 1.0.0 | 66.00 | NOTE | |||
r-release-macos-x86_64 | 1.0.0 | 128.00 | NOTE | |||
r-release-windows-x86_64 | 1.0.0 | 29.00 | 123.00 | 152.00 | NOTE | |
r-oldrel-macos-arm64 | 1.0.0 | 54.00 | NOTE | |||
r-oldrel-macos-x86_64 | 1.0.0 | 87.00 | NOTE | |||
r-oldrel-windows-x86_64 | 1.0.0 | 33.00 | 148.00 | 181.00 | NOTE |
Version: 1.0.0
Check: CRAN incoming feasibility
Result: NOTE
Maintainer: ‘Philip Barrett <pobarrett@gmail.com>’
No Authors@R field in DESCRIPTION.
Please add one, modifying
Authors@R: person(given = "Philip",
family = "Barrett",
role = c("aut", "cre"),
email = "pobarrett@gmail.com")
as necessary.
Flavors: r-devel-linux-x86_64-debian-clang, r-devel-linux-x86_64-debian-gcc
Version: 1.0.0
Check: C++ specification
Result: NOTE
Specified C++11: please drop specification unless essential
Flavors: r-devel-linux-x86_64-debian-clang, r-devel-linux-x86_64-debian-gcc, r-devel-linux-x86_64-fedora-clang, r-devel-linux-x86_64-fedora-gcc, r-devel-windows-x86_64, r-patched-linux-x86_64, r-release-linux-x86_64, r-release-macos-arm64, r-release-macos-x86_64, r-release-windows-x86_64, r-oldrel-macos-arm64, r-oldrel-macos-x86_64, r-oldrel-windows-x86_64