Last updated on 2025-07-15 23:51:28 CEST.
Flavor | Version | Tinstall | Tcheck | Ttotal | Status | Flags |
---|---|---|---|---|---|---|
r-devel-linux-x86_64-debian-clang | 0.2-3 | 6.23 | 64.74 | 70.97 | NOTE | |
r-devel-linux-x86_64-debian-gcc | 0.2-3 | 4.32 | 44.28 | 48.60 | NOTE | |
r-devel-linux-x86_64-fedora-clang | 0.2-3 | 105.76 | NOTE | |||
r-devel-linux-x86_64-fedora-gcc | 0.2-3 | 98.73 | NOTE | |||
r-devel-windows-x86_64 | 0.2-3 | 9.00 | 72.00 | 81.00 | NOTE | |
r-patched-linux-x86_64 | 0.2-3 | 6.22 | 59.92 | 66.14 | NOTE | |
r-release-linux-x86_64 | 0.2-3 | 5.57 | 58.98 | 64.55 | NOTE | |
r-release-macos-arm64 | 0.2-3 | 37.00 | NOTE | |||
r-release-macos-x86_64 | 0.2-3 | 65.00 | NOTE | |||
r-release-windows-x86_64 | 0.2-3 | 11.00 | 80.00 | 91.00 | NOTE | |
r-oldrel-macos-arm64 | 0.2-3 | 34.00 | NOTE | |||
r-oldrel-macos-x86_64 | 0.2-3 | 56.00 | NOTE | |||
r-oldrel-windows-x86_64 | 0.2-3 | 13.00 | 89.00 | 102.00 | NOTE |
Version: 0.2-3
Check: Rd files
Result: NOTE
checkRd: (-1) PatentsRD.Rd:4: Escaped LaTeX specials: \&
checkRd: (-1) PatentsRD.Rd:30: Escaped LaTeX specials: \&
checkRd: (-1) PatentsRDUS.Rd:4: Escaped LaTeX specials: \&
Flavors: r-devel-linux-x86_64-debian-clang, r-devel-linux-x86_64-debian-gcc, r-devel-linux-x86_64-fedora-clang, r-devel-linux-x86_64-fedora-gcc, r-devel-windows-x86_64, r-patched-linux-x86_64, r-release-linux-x86_64, r-release-macos-arm64, r-release-macos-x86_64, r-release-windows-x86_64, r-oldrel-macos-arm64, r-oldrel-macos-x86_64, r-oldrel-windows-x86_64