Last updated on 2025-07-16 05:49:30 CEST.
Flavor | Version | Tinstall | Tcheck | Ttotal | Status | Flags |
---|---|---|---|---|---|---|
r-devel-linux-x86_64-debian-clang | 1.2.2 | 4.63 | 73.44 | 78.07 | NOTE | |
r-devel-linux-x86_64-debian-gcc | 1.2.2 | 3.62 | 54.00 | 57.62 | NOTE | |
r-devel-linux-x86_64-fedora-clang | 1.2.2 | 111.71 | OK | |||
r-devel-linux-x86_64-fedora-gcc | 1.2.2 | 119.36 | OK | |||
r-devel-windows-x86_64 | 1.2.2 | 7.00 | 96.00 | 103.00 | OK | |
r-patched-linux-x86_64 | 1.2.2 | 6.02 | 67.78 | 73.80 | OK | |
r-release-linux-x86_64 | 1.2.2 | 4.75 | 68.14 | 72.89 | OK | |
r-release-macos-arm64 | 1.2.2 | 42.00 | OK | |||
r-release-macos-x86_64 | 1.2.2 | 72.00 | OK | |||
r-release-windows-x86_64 | 1.2.2 | 7.00 | 104.00 | 111.00 | OK | |
r-oldrel-macos-arm64 | 1.2.2 | 38.00 | OK | |||
r-oldrel-macos-x86_64 | 1.2.2 | 63.00 | OK | |||
r-oldrel-windows-x86_64 | 1.2.2 | 10.00 | 108.00 | 118.00 | OK |
Version: 1.2.2
Check: CRAN incoming feasibility
Result: NOTE
Maintainer: ‘Mahmoud Ahmed <mahmoud.s.fahmy@students.kasralainy.edu.eg>’
Package CITATION file contains call(s) to old-style personList() or
as.personList(). Please use c() on person objects instead.
Package CITATION file contains call(s) to old-style citEntry(). Please
use bibentry() instead.
Flavors: r-devel-linux-x86_64-debian-clang, r-devel-linux-x86_64-debian-gcc