Last updated on 2025-07-16 23:49:22 CEST.
Flavor | Version | Tinstall | Tcheck | Ttotal | Status | Flags |
---|---|---|---|---|---|---|
r-devel-linux-x86_64-debian-clang | 0.9.0 | 169.23 | 305.52 | 474.75 | OK | |
r-devel-linux-x86_64-debian-gcc | 0.9.0 | 89.13 | 202.77 | 291.90 | OK | |
r-devel-linux-x86_64-fedora-clang | 0.9.0 | 708.49 | OK | |||
r-devel-linux-x86_64-fedora-gcc | 0.9.0 | 630.38 | OK | |||
r-devel-windows-x86_64 | 0.9.0 | 145.00 | 526.00 | 671.00 | OK | |
r-patched-linux-x86_64 | 0.9.0 | 178.13 | 279.94 | 458.07 | OK | |
r-release-linux-x86_64 | 0.9.0 | 151.31 | 281.26 | 432.57 | OK | |
r-release-macos-arm64 | 0.9.0 | 185.00 | OK | |||
r-release-macos-x86_64 | 0.9.0 | 374.00 | OK | |||
r-release-windows-x86_64 | 0.9.0 | 153.00 | 498.00 | 651.00 | OK | |
r-oldrel-macos-arm64 | 0.9.0 | 161.00 | NOTE | |||
r-oldrel-macos-x86_64 | 0.9.0 | 322.00 | NOTE | |||
r-oldrel-windows-x86_64 | 0.9.0 | 212.00 | 601.00 | 813.00 | NOTE |
Version: 0.9.0
Check: installed package size
Result: NOTE
installed size is 8.0Mb
sub-directories of 1Mb or more:
R 4.1Mb
help 3.8Mb
Flavors: r-oldrel-macos-arm64, r-oldrel-macos-x86_64, r-oldrel-windows-x86_64