Last updated on 2025-07-19 14:48:33 CEST.
Flavor | Version | Tinstall | Tcheck | Ttotal | Status | Flags |
---|---|---|---|---|---|---|
r-devel-linux-x86_64-debian-clang | 2.0.9 | 9.97 | 239.54 | 249.51 | OK | |
r-devel-linux-x86_64-debian-gcc | 2.0.9 | 6.24 | 168.47 | 174.71 | OK | |
r-devel-linux-x86_64-fedora-clang | 2.0.9 | 343.05 | OK | |||
r-devel-linux-x86_64-fedora-gcc | 2.0.9 | 331.87 | OK | |||
r-devel-windows-x86_64 | 2.0.9 | 10.00 | 204.00 | 214.00 | OK | |
r-patched-linux-x86_64 | 2.0.9 | 9.10 | 227.28 | 236.38 | OK | |
r-release-linux-x86_64 | 2.0.9 | 8.72 | 226.44 | 235.16 | OK | |
r-release-macos-arm64 | 2.0.9 | 114.00 | OK | |||
r-release-macos-x86_64 | 2.0.9 | 265.00 | OK | |||
r-release-windows-x86_64 | 2.0.9 | 11.00 | 201.00 | 212.00 | OK | |
r-oldrel-macos-arm64 | 2.0.9 | 93.00 | NOTE | |||
r-oldrel-macos-x86_64 | 2.0.9 | 228.00 | NOTE | |||
r-oldrel-windows-x86_64 | 2.0.9 | 13.00 | 247.00 | 260.00 | NOTE |
Version: 2.0.9
Check: installed package size
Result: NOTE
installed size is 5.6Mb
sub-directories of 1Mb or more:
doc 5.2Mb
Flavors: r-oldrel-macos-arm64, r-oldrel-macos-x86_64, r-oldrel-windows-x86_64