CRAN Package Check Results for Package pasadr

Last updated on 2025-07-19 14:48:33 CEST.

Flavor Version Tinstall Tcheck Ttotal Status Flags
r-devel-linux-x86_64-debian-clang 1.0 3.71 34.16 37.87 NOTE
r-devel-linux-x86_64-debian-gcc 1.0 2.45 25.81 28.26 NOTE
r-devel-linux-x86_64-fedora-clang 1.0 57.70 OK
r-devel-linux-x86_64-fedora-gcc 1.0 55.79 OK
r-devel-windows-x86_64 1.0 5.00 59.00 64.00 OK
r-patched-linux-x86_64 1.0 2.82 32.56 35.38 OK
r-release-linux-x86_64 1.0 3.41 32.49 35.90 OK
r-release-macos-arm64 1.0 24.00 OK
r-release-macos-x86_64 1.0 48.00 OK
r-release-windows-x86_64 1.0 5.00 57.00 62.00 OK
r-oldrel-macos-arm64 1.0 23.00 OK
r-oldrel-macos-x86_64 1.0 44.00 OK
r-oldrel-windows-x86_64 1.0 7.00 65.00 72.00 OK

Check Details

Version: 1.0
Check: CRAN incoming feasibility
Result: NOTE Maintainer: ‘Donghwan Kim <donhkim9714@korea.ac.kr>’ No Authors@R field in DESCRIPTION. Please add one, modifying Authors@R: person(given = "Donghwan", family = "Kim", role = c("aut", "cre"), email = "donhkim9714@korea.ac.kr") as necessary. Flavors: r-devel-linux-x86_64-debian-clang, r-devel-linux-x86_64-debian-gcc