Last updated on 2025-07-16 11:50:46 CEST.
Flavor | Version | Tinstall | Tcheck | Ttotal | Status | Flags |
---|---|---|---|---|---|---|
r-devel-linux-x86_64-debian-clang | 2.1.7 | 45.47 | 411.90 | 457.37 | OK | |
r-devel-linux-x86_64-debian-gcc | 2.1.7 | 29.97 | 283.35 | 313.32 | OK | |
r-devel-linux-x86_64-fedora-clang | 2.1.7 | 620.91 | ERROR | |||
r-devel-linux-x86_64-fedora-gcc | 2.1.7 | 6037.56 | ERROR | |||
r-devel-windows-x86_64 | 2.1.7 | 40.00 | 381.00 | 421.00 | OK | |
r-patched-linux-x86_64 | 2.1.7 | 47.44 | 398.64 | 446.08 | OK | |
r-release-linux-x86_64 | 2.1.7 | 49.52 | 393.94 | 443.46 | OK | |
r-release-macos-arm64 | 2.1.7 | 198.00 | OK | |||
r-release-macos-x86_64 | 2.1.7 | 440.00 | OK | |||
r-release-windows-x86_64 | 2.1.7 | 42.00 | 400.00 | 442.00 | OK | |
r-oldrel-macos-arm64 | 2.1.7 | 182.00 | OK | |||
r-oldrel-macos-x86_64 | 2.1.7 | 447.00 | NOTE | |||
r-oldrel-windows-x86_64 | 2.1.7 | 59.00 | 513.00 | 572.00 | OK |
Version: 2.1.7
Check: re-building of vignette outputs
Result: ERROR
Error(s) in re-building vignettes:
--- re-building ‘bison_example.Rmd’ using rmarkdown
OMP: Warning #96: Cannot form a team with 24 threads, using 2 instead.
OMP: Hint Consider unsetting KMP_DEVICE_THREAD_LIMIT (KMP_ALL_THREADS), KMP_TEAMS_THREAD_LIMIT, and OMP_THREAD_LIMIT (if any are set).
Flavor: r-devel-linux-x86_64-fedora-clang
Version: 2.1.7
Check: re-building of vignette outputs
Result: ERROR
Error(s) in re-building vignettes:
--- re-building ‘bison_example.Rmd’ using rmarkdown
Flavor: r-devel-linux-x86_64-fedora-gcc
Version: 2.1.7
Check: installed package size
Result: NOTE
installed size is 5.2Mb
sub-directories of 1Mb or more:
data 4.5Mb
Flavor: r-oldrel-macos-x86_64