Last updated on 2025-07-17 11:50:40 CEST.
Flavor | Version | Tinstall | Tcheck | Ttotal | Status | Flags |
---|---|---|---|---|---|---|
r-devel-linux-x86_64-debian-clang | 2.18-2 | 39.39 | 202.31 | 241.70 | NOTE | |
r-devel-linux-x86_64-debian-gcc | 2.18-2 | 26.59 | 135.13 | 161.72 | NOTE | |
r-devel-linux-x86_64-fedora-clang | 2.18-2 | 377.61 | OK | |||
r-devel-linux-x86_64-fedora-gcc | 2.18-2 | 357.08 | OK | |||
r-devel-windows-x86_64 | 2.18-2 | 43.00 | 228.00 | 271.00 | NOTE | |
r-patched-linux-x86_64 | 2.18-2 | 41.51 | 190.76 | 232.27 | NOTE | |
r-release-linux-x86_64 | 2.18-2 | 35.39 | 190.19 | 225.58 | NOTE | |
r-release-macos-arm64 | 2.18-2 | 94.00 | OK | |||
r-release-macos-x86_64 | 2.18-2 | 187.00 | OK | |||
r-release-windows-x86_64 | 2.18-2 | 44.00 | 238.00 | 282.00 | NOTE | |
r-oldrel-macos-arm64 | 2.18-2 | 94.00 | OK | |||
r-oldrel-macos-x86_64 | 2.18-2 | 163.00 | OK | |||
r-oldrel-windows-x86_64 | 2.18-2 | 59.00 | 293.00 | 352.00 | OK |
Version: 2.18-2
Check: Rd cross-references
Result: NOTE
Found the following Rd file(s) with Rd \link{} targets missing package
anchors:
drawOpenKey.Rd: draw.colorkey
smoothTrend.Rd: gam
Please provide package anchors for all Rd \link{} targets not in the
package itself and the base packages.
Flavors: r-devel-linux-x86_64-debian-clang, r-devel-linux-x86_64-debian-gcc, r-devel-windows-x86_64, r-patched-linux-x86_64, r-release-linux-x86_64, r-release-windows-x86_64