Last updated on 2025-07-16 05:49:29 CEST.
Flavor | Version | Tinstall | Tcheck | Ttotal | Status | Flags |
---|---|---|---|---|---|---|
r-devel-linux-x86_64-debian-clang | 0.5.0 | 12.88 | 103.02 | 115.90 | OK | |
r-devel-linux-x86_64-debian-gcc | 0.5.0 | 10.35 | 74.49 | 84.84 | OK | |
r-devel-linux-x86_64-fedora-clang | 0.5.0 | 178.63 | NOTE | |||
r-devel-linux-x86_64-fedora-gcc | 0.5.0 | 166.48 | NOTE | |||
r-devel-windows-x86_64 | 0.5.0 | 15.00 | 103.00 | 118.00 | OK | |
r-patched-linux-x86_64 | 0.5.0 | 12.90 | 96.14 | 109.04 | OK | |
r-release-linux-x86_64 | 0.5.0 | 11.81 | 96.56 | 108.37 | OK | |
r-release-macos-arm64 | 0.5.0 | 45.00 | OK | |||
r-release-macos-x86_64 | 0.5.0 | 96.00 | OK | |||
r-release-windows-x86_64 | 0.5.0 | 14.00 | 114.00 | 128.00 | OK | |
r-oldrel-macos-arm64 | 0.5.0 | 48.00 | OK | |||
r-oldrel-macos-x86_64 | 0.5.0 | 76.00 | OK | |||
r-oldrel-windows-x86_64 | 0.5.0 | 20.00 | 131.00 | 151.00 | OK |
Version: 0.5.0
Check: dependencies in R code
Result: NOTE
Namespaces in Imports field not imported from:
‘RColorBrewer’ ‘graphics’
All declared Imports should be used.
Flavors: r-devel-linux-x86_64-fedora-clang, r-devel-linux-x86_64-fedora-gcc