CRAN Package Check Results for Package oceanwaves

Last updated on 2025-07-16 11:50:45 CEST.

Flavor Version Tinstall Tcheck Ttotal Status Flags
r-devel-linux-x86_64-debian-clang 0.2.0 5.11 56.98 62.09 NOTE
r-devel-linux-x86_64-debian-gcc 0.2.0 3.66 43.73 47.39 NOTE
r-devel-linux-x86_64-fedora-clang 0.2.0 95.77 OK
r-devel-linux-x86_64-fedora-gcc 0.2.0 105.97 OK
r-devel-windows-x86_64 0.2.0 8.00 74.00 82.00 OK
r-patched-linux-x86_64 0.2.0 5.14 53.60 58.74 OK
r-release-linux-x86_64 0.2.0 5.47 52.82 58.29 OK
r-release-macos-arm64 0.2.0 35.00 OK
r-release-macos-x86_64 0.2.0 61.00 OK
r-release-windows-x86_64 0.2.0 6.00 76.00 82.00 OK
r-oldrel-macos-arm64 0.2.0 34.00 OK
r-oldrel-macos-x86_64 0.2.0 54.00 OK
r-oldrel-windows-x86_64 0.2.0 9.00 91.00 100.00 OK

Check Details

Version: 0.2.0
Check: CRAN incoming feasibility
Result: NOTE Maintainer: ‘Luke Miller <contact@lukemiller.org>’ Package CITATION file contains call(s) to old-style personList() or as.personList(). Please use c() on person objects instead. Package CITATION file contains call(s) to old-style citEntry(). Please use bibentry() instead. Flavors: r-devel-linux-x86_64-debian-clang, r-devel-linux-x86_64-debian-gcc