Last updated on 2025-07-16 17:49:31 CEST.
Flavor | Version | Tinstall | Tcheck | Ttotal | Status | Flags |
---|---|---|---|---|---|---|
r-devel-linux-x86_64-debian-clang | 1.8.5 | 43.79 | 228.53 | 272.32 | OK | |
r-devel-linux-x86_64-debian-gcc | 1.8.5 | 28.42 | 149.37 | 177.79 | OK | |
r-devel-linux-x86_64-fedora-clang | 1.8.5 | 430.30 | OK | |||
r-devel-linux-x86_64-fedora-gcc | 1.8.5 | 414.03 | OK | |||
r-devel-windows-x86_64 | 1.8.5 | 46.00 | 194.00 | 240.00 | OK | |
r-patched-linux-x86_64 | 1.8.5 | 44.79 | 211.72 | 256.51 | OK | |
r-release-linux-x86_64 | 1.8.5 | 42.93 | 210.48 | 253.41 | OK | |
r-release-macos-arm64 | 1.8.5 | 94.00 | OK | |||
r-release-macos-x86_64 | 1.8.5 | 201.00 | OK | |||
r-release-windows-x86_64 | 1.8.5 | 43.00 | 205.00 | 248.00 | OK | |
r-oldrel-macos-arm64 | 1.8.5 | 98.00 | NOTE | |||
r-oldrel-macos-x86_64 | 1.8.5 | 166.00 | NOTE | |||
r-oldrel-windows-x86_64 | 1.8.5 | 61.00 | 260.00 | 321.00 | NOTE |
Version: 1.8.5
Check: installed package size
Result: NOTE
installed size is 10.1Mb
sub-directories of 1Mb or more:
R 2.0Mb
doc 5.7Mb
extdata 1.6Mb
Flavors: r-oldrel-macos-arm64, r-oldrel-macos-x86_64, r-oldrel-windows-x86_64