CRAN Package Check Results for Package nparMD

Last updated on 2025-07-21 08:50:11 CEST.

Flavor Version Tinstall Tcheck Ttotal Status Flags
r-devel-linux-x86_64-debian-clang 0.2.1 2.49 23.25 25.74 NOTE
r-devel-linux-x86_64-debian-gcc 0.2.1 2.04 18.80 20.84 NOTE
r-devel-linux-x86_64-fedora-clang 0.2.1 40.45 OK
r-devel-linux-x86_64-fedora-gcc 0.2.1 38.36 OK
r-devel-windows-x86_64 0.2.1 3.00 44.00 47.00 OK
r-patched-linux-x86_64 0.2.1 2.44 21.83 24.27 OK
r-release-linux-x86_64 0.2.1 2.32 21.76 24.08 OK
r-release-macos-arm64 0.2.1 19.00 OK
r-release-macos-x86_64 0.2.1 34.00 OK
r-release-windows-x86_64 0.2.1 3.00 45.00 48.00 OK
r-oldrel-macos-arm64 0.2.1 16.00 OK
r-oldrel-macos-x86_64 0.2.1 23.00 OK
r-oldrel-windows-x86_64 0.2.1 4.00 47.00 51.00 OK

Check Details

Version: 0.2.1
Check: CRAN incoming feasibility
Result: NOTE Maintainer: ‘Maximilian Kiefel <physik210@hotmail.com>’ No Authors@R field in DESCRIPTION. Please add one, modifying Authors@R: c(person(given = "Maximilian", family = "Kiefel", role = c("aut", "cre"), email = "physik210@hotmail.com"), person(given = c("Arne", "C."), family = "Bathke", role = "aut")) as necessary. Flavors: r-devel-linux-x86_64-debian-clang, r-devel-linux-x86_64-debian-gcc